)/(-5) + 616/(-40). Let w be b(l). Let d = -4 + 16. What is the highest common divisor of w and d?
6
Let v = 208 + -80. Let m = 913 + 557. Suppose 3*i + m = 1494. What is the highest common divisor of i and v?
8
Let p(v) = -16*v**3 + 18*v**2 + 130*v - 35. Let j be p(-11). What is the greatest common factor of j and 13?
13
Suppose 1142 = 5*g - 398. Suppose -140 = -14*r + g. What is the greatest common divisor of r and 176?
16
Suppose 2*b + 103 = 2*d + 3*d, 4*b - 4 = 0. What is the highest common divisor of 7833 and d?
21
Suppose 0*n + n = -64. Let r be n/(-11) - (-82)/451. Calculate the highest common factor of r and 15.
3
Let k = -6467 - -7241. What is the greatest common factor of k and 306?
18
Let p(w) = -3*w**3 + 4*w**2 - 3*w + 27. Let c be p(0). What is the highest common factor of 105 and c?
3
Let i(s) = 84*s - 1101. Let t be i(14). What is the highest common factor of 215 and t?
5
Let b be (-88*2/(-4))/((-6)/15). Let y = b + 119. Suppose 4*o - 199 - 89 = 0. What is the greatest common divisor of y and o?
9
Let h be (2/13 + 696/(-130))*20. Let j be (22*1)/((-112)/h + -1). What is the greatest common divisor of 11 and j?
11
Let t(v) = 2165*v + 77. Let m be t(1). What is the greatest common divisor of m and 38?
38
Suppose 4*n - 1907 = -1067. Suppose 19*i - n = 9*i. Calculate the highest common divisor of i and 24.
3
Let k be (63/6)/((-1)/(-2)). Let l be (42/(-9))/(-1)*k/14. Calculate the greatest common factor of 49 and l.
7
Let t(j) = -99*j**2 + 1086*j - 25. Let o be t(10). Calculate the highest common factor of o and 40.
5
Suppose 0 = -6*f - 67*f + 1058 + 913. What is the greatest common factor of 1062 and f?
9
Let j be 2/(1/3*2). Suppose -12 = -3*f - j*d, 8*d - 9*d = -1. Calculate the greatest common divisor of 48 and f.
3
Suppose 19*q = 3819 - 3648. Let r(g) = g - 1. Let c be r(2). Calculate the greatest common divisor of q and c.
1
Suppose -66*x + 353*x + 5407 - 32672 = 0. Calculate the highest common factor of x and 380.
95
Suppose -353*p = -266*p - 14355. What is the greatest common factor of 2985 and p?
15
Let g = 212 - 71. Suppose 2*l + i - 272 = 0, l - 15*i + 18*i = g. Calculate the greatest common factor of l and 30.
15
Let b = -6756 - -7670. What is the highest common divisor of 1 and b?
1
Suppose 5*j + 4*b - 1220 = 0, 514 + 225 = 3*j + b. What is the highest common factor of 7502 and j?
62
Let x be 820*((-75)/(-20))/5. Let z be 42/273 - ((-193)/(-13))/(-1). Calculate the highest common factor of z and x.
15
Suppose 4 + 6 = 5*f, -4*f = -4*o + 208. Calculate the highest common factor of 13302 and o.
18
Let h be (11/(-2) + 6)*0. Suppose -4*a + 356 - 36 = h. Calculate the highest common factor of a and 25.
5
Let c = -116 - -161. Suppose -58*w + 299 = -c*w. What is the greatest common factor of w and 575?
23
Let c be 3/(18/(-4)) - 35/(-3). Suppose c + 15 = 26*y. Suppose -i + 5*a = 2, 0 = -i + 2*a - 3*a + 10. Calculate the highest common divisor of i and y.
1
Suppose -37 = -4*v - g, -5*g + 26 = 2*v - 3*g. Suppose 0 = -5*w - v*w + 273. Let n be 252*(1 + (-2)/6). What is the greatest common divisor of w and n?
21
Suppose -134 + 774 = 8*v. What is the greatest common divisor of v and 340?
20
Suppose 0 = -0*b - 5*b + 195. Suppose -13*p + 73 = -10*p + 5*j, -4*p + b = -5*j. Calculate the highest common factor of p and 64.
16
Let n = 16439 + -14710. What is the highest common divisor of n and 38?
19
Suppose -26*r = -86*r - 103*r + 36512. Suppose 3*k + 5*u = 177, 2*k - k = -2*u + 58. What is the highest common factor of r and k?
32
Let u = -221 + 128. Let q = 104 + u. Calculate the highest common divisor of 88 and q.
11
Suppose -4*c + 200 = c. Let j = 168 - 103. Let y = j - c. Calculate the highest common factor of y and 175.
25
Suppose -31765 + 147811 = 63*g. What is the greatest common factor of g and 18?
6
Let j be ((-234)/72 + 5)/(2/24). Calculate the highest common divisor of 477 and j.
3
Suppose -j + 2*j - 2 = 0. Let c(k) = -4*k**3 - k**2 + 4*k - 3. Let s be c(j). Let i = 43 + s. Calculate the greatest common factor of 30 and i.
6
Let d = -2964 + 3024. What is the greatest common factor of d and 13710?
30
Suppose 18*l + 17644 = 4*w + 14*l, 7*w - 30867 = -3*l. Calculate the highest common divisor of w and 35.
35
Suppose 2*r = -46*k + 48*k - 128, -524 = -8*k - 4*r. Let t(s) = -3*s**3 - s**2 + 3*s + 1. Let m be t(-2). Calculate the highest common divisor of k and m.
5
Suppose -6*z + 50031 = 119*z - 16*z. Calculate the highest common divisor of z and 204.
51
Suppose -57*a + 41*a + 12600 = 54*a. What is the highest common divisor of 1665 and a?
45
Suppose 0 = -5*a - 2*o - 1437, 17*a - 12*a + 1453 = 2*o. Let k = 297 + a. What is the greatest common divisor of k and 824?
8
Suppose -5*y + 2*g + 63 = 0, -4*y - 5*g - 121 = -145. Calculate the highest common factor of y and 3344.
11
Suppose 8*l - 10*l = -34. Suppose -2*d - 3*x + 97 = 0, -222 + l = -5*d + 5*x. Calculate the greatest common divisor of d and 4.
4
Let z(m) = -8*m + 100. Let v be z(-16). Let u = v + -164. Calculate the highest common divisor of 24 and u.
8
Suppose -83*p + 41264 = -49372. Suppose 0 = 2*k - 4*u - 56, -5*k + u = -3*u - 140. Calculate the highest common factor of k and p.
28
Suppose -72*t + 8910 = 9*t. Suppose 2*g = -3*s + 1255, 9 = 4*s - 11. Suppose -6*w + g = t. What is the greatest common divisor of 51 and w?
17
Let b(i) = -68*i + 1001. Let d be b(-15). What is the highest common divisor of 129 and d?
43
Suppose -5*g - 2417 = -10742. What is the highest common factor of g and 45?
45
Let t = -32179 + 32215. Calculate the highest common factor of t and 6588.
36
Let o(z) = -z. Suppose -5*u = -2*u - 6. Let q be o(u). Let w be (54 - -1)*((-34)/(-5) + q). Calculate the highest common factor of w and 24.
24
Let h be 10/(3 + 3 + -4). Let t be (-1 + -3)*(h + -7). Suppose t*u = 7*u + 24. Calculate the greatest common factor of u and 60.
12
Suppose 3*t + 5*l + 104 = 0, -166 = 5*t - l + 2*l. Let y be (-6)/t + (-5010)/(-33). Calculate the highest common factor of y and 133.
19
Let o(v) = 9*v**2 + 3*v - 28. Let f be o(-13). Suppose 0 = 8*u - f + 590. What is the greatest common divisor of u and 4?
4
Suppose 71 = b + 39. Let z = -27 + b. Suppose 5*f - 11 = -w, -4*w + 2*w = -3*f + 17. What is the highest common divisor of f and z?
1
Suppose 479135 + 115945 = 90*o. What is the highest common factor of o and 152?
76
Let v(x) = 2*x**2 - 17*x + 15. Suppose -5*p = -5*w + 90, -2*p - 3 = -w + 17. Let m = 24 - w. Let y be v(m). Calculate the highest common factor of y and 77.
7
Let s(o) = 2*o**3 - 18*o**2 + o + 803. Let v be s(0). What is the highest common factor of v and 44?
11
Suppose 446 = 3*a - 463. Suppose -r = 5*d - 312, -3*d - 2*d - 4*r + a = 0. Suppose 6*q = 33 + 21. Calculate the greatest common divisor of d and q.
9
Suppose n = o + 69, o = 5*n + 2*o - 315. Suppose u + 165 = 2*w, 3*w + 4*u = 213 + 7. Calculate the greatest common divisor of n and w.
16
Suppose -487*m = -186*m - 3955140. What is the highest common divisor of m and 90?
90
Let f = 14163 - 11443. What is the highest common divisor of 320 and f?
160
Let l(y) = -11*y + 46. Let f(o) = 23*o - 90. Let p(t) = 4*f(t) + 9*l(t). Let g be p(6). Calculate the highest common factor of g and 6.
6
Let l = 616 - 572. Suppose 71*r + x + l = 74*r, -2*r - 4*x = -48. What is the highest common divisor of r and 688?
16
Let x be 76/3*(-36)/(-48). Let f(o) = o**3 - 18*o**2 + 11*o + 150. Let l be f(x). What is the highest common divisor of 45 and l?
45
Let c = 26897 - 18653. What is the greatest common divisor of c and 72?
36
Let i(l) = 4*l**3 - 7*l**2 + 6*l + 2. Let r be i(6). Let a(u) = 6*u**2 + 87*u + 142. Let h be a(-13). Calculate the highest common divisor of h and r.
25
Suppose 62*v + 28*v - 657879 = 462081. What is the greatest common divisor of v and 204?
204
Let v be (-77000)/2475*(-603)/2. What is the greatest common factor of v and 420?
140
Let g(x) = -60*x. Let w be g(-3). Suppose 3*v + 5*h = w, 7*h = -v + 6*h + 60. Calculate the greatest common factor of v and 40.
20
Let o = 956 + -1001. Let q be o/2*(-162)/15. Calculate the greatest common divisor of 567 and q.
81
Suppose -2*o + 8 = 2*v + 2*o, 2*o + 2 = 0. Let l be v*1*(-1 + 64). Let r be (-8)/6*l/(-36). Calculate the highest common divisor of 70 and r.
14
Let k = -1368 - 